 156*h + 133. Determine n(155).
-22
Let s(q) = -q**3 - 7*q**2 + 26*q + 122. Give s(-8).
-22
Let h(o) = -2*o**3 - 28*o**2 + 65*o + 24. What is h(-16)?
8
Let t(r) = -75*r**2 + 12*r - 16. Determine t(2).
-292
Let t(i) = -2*i + 372. What is t(36)?
300
Let u(c) = 53*c + 3024. What is u(-57)?
3
Let o(h) = 176*h - 9. What is o(-2)?
-361
Let n(t) = -t**3 + 54*t**2 + 50*t + 272. What is n(55)?
-3
Let o(i) = i**2 - 25*i + 70. Determine o(26).
96
Let d(x) = 352*x + 5631. Calculate d(-16).
-1
Let s(w) = -w**2 + 92*w - 284. Give s(89).
-17
Let u(f) = 124*f + 371. What is u(-1)?
247
Let s(w) = 2*w**3 + 45*w**2 + 17*w - 107. Determine s(-22).
3
Let y(g) = -2*g**2 - 163*g - 1071. Calculate y(-7).
-28
Let s(w) = -27*w**2 - 43*w + 4. What is s(-6)?
-710
Let s(j) = -14*j + 9. Determine s(-17).
247
Let s(v) = -v**3 + 83*v**2 + 253*v + 404. Calculate s(86).
-26
Let s(d) = 61*d + 4081. Give s(-67).
-6
Let l(g) = -400*g - 2051. Give l(-5).
-51
Let y(v) = -702*v - 4205. Determine y(-6).
7
Let z(s) = -230*s + 191. Give z(2).
-269
Let o(z) = 33*z**2 - 594*z - 14. What is o(18)?
-14
Let i(a) = 6*a**2 + 40*a - 210. What is i(-9)?
-84
Let p(w) = w**3 - 5*w**2 - 2*w - 3. Give p(0).
-3
Let y(i) = -115*i**2 + 337*i + 14. What is y(3)?
-10
Let w(b) = -2*b**2 + 13*b - 137. Give w(13).
-306
Let u(l) = l**3 - 12*l**2 + 27*l - 72. Calculate u(9).
-72
Let c(g) = 42*g**3 - 9*g**2 - 6*g + 1. Determine c(2).
289
Let z(r) = -r**3 + 16*r**2 + 12*r + 15. Give z(16).
207
Let b(l) = 3*l**2 + 255*l - 1648. What is b(-91)?
-10
Let u(q) = -1948*q + 1672. Give u(1).
-276
Let b(i) = -i**3 + 20*i**2 + 65*i + 91. Calculate b(23).
-1
Let p(m) = -60*m - 3669. Calculate p(-61).
-9
Let c(f) = 5*f**2 + 817*f - 2999. Calculate c(-167).
7
Let g(t) = -274*t - 905. Give g(-4).
191
Let g(b) = b**2 + 106*b + 939. Calculate g(-99).
246
Let g(i) = -6*i**2 - 11*i + 1. Give g(4).
-139
Let g(i) = 8*i - 286. What is g(37)?
10
Let n(s) = -s**3 - 26*s**2 - 121*s - 8. Calculate n(-20).
12
Let q(x) = -32*x + 59. Determine q(3).
-37
Let h(s) = s**3 + 78*s**2 + 77*s + 11. What is h(-77)?
11
Let q(z) = z**3 - 48*z**2 - 99*z + 30. What is q(50)?
80
Let a(i) = i**2 - 15*i - 536. Calculate a(18).
-482
Let y(s) = -s**3 + 14*s**2 - 8*s - 153. Determine y(13).
-88
Let d(f) = f**2 - 2*f. Calculate d(16).
224
Let j(r) = 2*r**2 + 71*r + 113. Determine j(-34).
11
Let o(z) = -z**3 - 6*z**2 - 20*z - 77. Calculate o(-5).
-2
Let a(d) = 14*d + 273. Determine a(-35).
-217
Let d(r) = -r**3 - 8*r**2 + 40*r - 3. Determine d(3).
18
Let y(s) = -220*s + 7. What is y(1)?
-213
Let k(c) = -c**3 - 107*c**2 - 1306*c - 48. What is k(-14)?
8
Let w(x) = x**3 + 8*x**2 - 8*x + 28. What is w(-9)?
19
Let j(k) = k**2 + 30*k + 331. Give j(-20).
131
Let f(l) = l**3 + 10*l**2 - 38*l + 109. Calculate f(-14).
-143
Let u(g) = -g**3 + 2*g**2 + 11*g + 106. Give u(0).
106
Let w(s) = 320*s + 4483. Calculate w(-13).
323
Let c(p) = 3216*p - 22512. Determine c(7).
0
Let o(v) = -98*v + 1337. Give o(6).
749
Let g(f) = f**3 - 9*f**2 - 41*f + 347. Give g(11).
138
Let w(v) = v**2 - 27*v - 135. What is w(27)?
-135
Let a(t) = -2*t**2 + 59*t - 120. What is a(2)?
-10
Let b(d) = -106*d**3 + 1908*d**2 + d - 37. Calculate b(18).
-19
Let o(q) = 984*q**2 - 524*q + 523. Calculate o(1).
983
Let d(l) = 2*l**3 + 64*l**2 - 67*l - 104. What is d(-33)?
-71
Let s(y) = 33*y**3 + 101*y**2 - y - 7. What is s(-4)?
-499
Let v(l) = -308*l - 65918. Give v(-214).
-6
Let o(n) = -n**3 - 6*n**2 - 5*n + 25. What is o(-5)?
25
Let s(a) = 289*a + 6. Calculate s(-2).
-572
Let n(w) = -w**3 + 160*w**2 - 154*w - 753. What is n(159)?
42
Let q(k) = -23*k**2 + 113*k + 7. What is q(5)?
-3
Let l(b) = -16*b + 288. Calculate l(21).
-48
Let s(p) = 1056*p - 330522. Give s(313).
6
Let i(x) = -15*x**2 - x + 13. Give i(3).
-125
Let p(h) = 12750*h + 76489. Determine p(-6).
-11
Let m(f) = -f**3 + 14*f**2 - 355*f + 3962. Give m(12).
-10
Let p(u) = -u**3 - 15*u**2 - 52*u + 3. What is p(-10)?
23
Let j(w) = -15712*w - 282817. Determine j(-18).
-1
Let k(a) = -9*a**2 + 596*a - 47. Calculate k(66).
85
Let z(m) = 121*m**2 + 701*m - 155. Calculate z(-6).
-5
Let w(u) = 46*u + 230. Calculate w(0).
230
Let z(v) = 133*v**2 + 32*v - 64. What is z(2)?
532
Let m(s) = 2*s**3 + s**2 + 2*s + 29. Give m(6).
509
Let j(y) = 4*y**2 - 273*y - 219. Determine j(69).
-12
Let t(c) = 9*c**2 - 7*c - 30. Give t(-5).
230
Let h(p) = -p**2 - 57*p - 815. What is h(-35)?
-45
Let h(o) = o**2 + 21*o - 550. Calculate h(-36).
-10
Let c(p) = -p**3 - 4*p**2 - 16*p - 14. Calculate c(-6).
154
Let x(i) = 157*i - 136. What is x(3)?
335
Let r(d) = -d**3 - 14*d**2 + 10*d - 53. Determine r(-13).
-352
Let n(p) = -49*p + 397. What is n(9)?
-44
Let y(q) = -2*q**2 + 16*q - 34. Determine y(2).
-10
Let l(b) = b**2 + 41*b - 598. Give l(-53).
38
Let h(i) = -697*i - 1382. Determine h(-2).
12
Let k(w) = -w**3 - 3*w**2 + 5*w - 105. Give k(0).
-105
Let d(u) = -7*u**2 + 26*u + 4. Give d(5).
-41
Let h(u) = -6*u**2 + 1203*u + 3609. Determine h(-3).
-54
Let k(q) = -q**3 + 6*q**2 - 75*q + 401. What is k(5)?
51
Let z(n) = -n**3 + 8*n**2 + 13*n - 5. Calculate z(9).
31
Let l(x) = -512*x - 6651. Determine l(-13).
5
Let v(w) = -7*w**2 - 45*w - 16. What is v(-7)?
-44
Let a(l) = l**3 + 9*l**2 + 13*l - 25. Give a(-6).
5
Let c(j) = -3*j**2 + 164*j - 121. Determine c(54).
-13
Let f(u) = -u**2 + 33*u + 700. What is f(48)?
-20
Let k(t) = -t**3 - 5*t**2 + 30*t + 17. Give k(-9).
71
Let g(h) = 6*h + 86. Determine g(-19).
-28
Let r(l) = 242*l + 3860. Calculate r(-16).
-12
Let h(o) = 10*o**2 + 243*o + 58. Calculate h(-24).
-14
Let j(n) = -n**3 - 37*n**2 + 4*n + 645. Determine j(-36).
-795
Let o(v) = 208*v + 419. Give o(-2).
3
Let q(b) = b**2 - 11*b - 445. Determine q(28).
31
Let r(j) = j**2 + 1094*j + 20428. Determine r(-19).
3
Let v(j) = -j**3 - 27*j**2 - 2*j - 93. Calculate v(-27).
-39
Let g(a) = -a**3 - 35*a**2 + 114*a - 7. Calculate g(-38).
-7
Let j(w) = 36*w - 1114. Determine j(32).
38
Let i(p) = -24600*p + 3. Calculate i(0).
3
Let s(a) = a**3 - 41*a**2 - 88*a + 112. Determine s(43).
26
Let t(z) = 5*z**3 + 478*z**2 - 191*z + 85. Give t(-96).
-11
Let r(s) = 65*s**3 - 11*s**2 - 11*s. Calculate r(-1).
-65
Let k(v) = v**3 + 43*v**2 - v - 23. Determine k(-43).
20
Let h(s) = -2*s**2 - 95*s + 174. What is h(-42)?
636
Let w(u) = 77*u - 1186. Calculate w(15).
-31
Let i(m) = m**3 - 2*m**2 - 22*m + 23. Give i(1).
0
Let a(r) = 20*r**2 - 2116*r - 420. Determine a(106).
4
Let r(d) = 21*d - 1509. What is r(66)?
-123
Let n(k) = 2*k**2 - 80*k + 109. Calculate n(15).
-641
Let t(j) = -10*j - 4. Give t(-3).
26
Let j(k) = 10*k**2 - 75*k - 8. Give j(6).
-98
Let d(w) = -329*w + 19. Give d(0).
19
Let g(w) = 2*w**2 - 432*w - 9950. What is g(-21)?
4
Let h(a) = -261*a + 9542. Determine h(37).
-115
Let w(o) = -5*o**3 - 238*o**2 - 110*o + 1453. Give w(-47).
-4
Let b(t) = -12*t + 125. What is b(11)?
-7
Let m(q) = q**2 - 258*q + 5. What is m(0)?
5
Let o(b) = 12*b**2 - 137*b + 60. Calculate o(11).
5
Let b(f) = -f**3 - 4*f**2 + 60*f + 253. Determine b(-5).
-22
Let p(f) = 7*f**2 + 132*f + 604. What is p(-9)?
-17
Let f(h) = h**3 - 9*h**2 - 169*h + 81. Give f(18).
-45
Let x(z) = z**3 - 16*z**2 + 81*z - 355. Calculate x(8).
-219
Let c(r) = r**3 - 87*r**2 + 643*r - 877. Determine c(79).
-8
Let y(f) = -2*f**2 + 10*f - 40. Calculate y(6).
-52
Let r(i) = -2*i**3 - 103*i**2 + 1996*i + 18. What is r(15)?
33
Let y(i) = i**2 - 263*i - 168. What is y(0)?
-168
Let u(r) = 3*r**3 + 67*r**2 - 48*r + 8. Calculate u(-23).
54
Let v(m) = -4846*m + 9690. Give v(2).
-2
Let b(h) = -39*h**3 + 10*h**2 + 2*h - 1. What is b(-1)?
46
Let a(x) = 130*x + 410. What is a(-2)?
150
Let v(a) = -a**2 - 781*a - 3881. Determine v(-5).
-1
Let u(x) = 166*x + 11147. Give u(-67).
25
Let h(a) = -247*a + 2285. Determine h(11).
-432
Let j(y) = -2*y**2 + 759*y + 7795. Determine j(-10).
5
Let r(p) = 12*p + 332. What is r(-29)?
-16
Let t(d) = -d**3 - 5*d**2 + 2*d + 55. Determine t(-4).
31
Let w(a) = -83*a**2 + 11*a. Determine w(-1).
-94
Let z(m) = 211*m - 38639. Determine z(183).
-26
Let a(t) = -7*t + 633. Calculate a(100).
-67
Let l(c) = -1679*c + 8395. Determine l(5).
0
Let v(a) = 57*a - 44. Determine v(-1).
-101
Let r(b) = 5*b**2 - 292*b - 1184. Determine r(-4).
64
Let t(q) = -56*q**2 - 58*q - 110. Give t(-2).
-218
Let r(p) = -418*p - 800. Give r(-5).
1290
Let l(n) = -2